mon divisor of 1616 and j?
16
Let a be (-5 - -5)/4 + 8/2. Let q = -126 + 57. Let v be (-4)/(q/(-24) - 3). What is the highest common divisor of a and v?
4
Let o be 12/14 + (88060/(-245))/(-17). Calculate the greatest common divisor of o and 1606.
22
Suppose 3*u - 2*b = 14, -18 = 2*u - 4*b - 30. What is the highest common divisor of 864 and u?
4
Let s(t) = -3*t - 1. Suppose -4*r = -13*r - 18. Let q(o) = o. Let y(g) = r*q(g) - s(g). Let n be y(10). Calculate the highest common factor of 143 and n.
11
Let y be (-76)/1558 + (-95331)/(-123). Calculate the highest common divisor of 62 and y.
31
Let b be (168/(-20))/(8/(-20)). Let v(w) = -w**3 - 8*w**2 + 9*w + 4. Let o be v(-9). Let q be 98/42 - o/(-6). Calculate the highest common factor of q and b.
3
Suppose -93*w + 40*w = -69589. What is the highest common factor of 26 and w?
13
Let v(o) = 6*o**2 + 50*o - 130. Let g be v(-11). What is the greatest common factor of 20447 and g?
23
Let k = 13419 - 13345. What is the highest common divisor of 11914 and k?
74
Let b = 87 + 162. Let d = -211 + b. What is the highest common divisor of d and 190?
38
Let a(l) = -7*l + 31. Let o be a(4). Suppose 2*h + 5*w = -2*h + 913, o*w = -2*h + 455. Calculate the highest common divisor of 174 and h.
58
Let a be 14 + 9/3 + -4 + 5. Let l = 1 + 4. Suppose 4*m - 2 = a, 151 = 4*d - l*m. Calculate the greatest common factor of 4 and d.
4
Suppose -16*j = v - 21*j + 307, j = -4*v - 1123. Let m = v - -312. Calculate the greatest common divisor of 30 and m.
30
Let r = 6523 - 2415. What is the highest common factor of r and 52?
52
Suppose 3*b - 2565 = -3*m, -69*m + 853 = -68*m - b. Calculate the highest common divisor of 1098 and m.
122
Suppose f = 4*h - 1, 5*h = f + 4*h - 14. Suppose f*d - 40 = 17*d. What is the highest common factor of d and 30?
10
Let k = -9255 + 9711. Calculate the highest common factor of 285 and k.
57
Let p(i) = -16*i + 191. Let q be p(47). Let o = 589 + q. Calculate the highest common factor of o and 532.
28
Let l(b) = 43*b. Let y be l(-1). Let g be (4 + -7)*1 - y. Suppose 44 = 42*n - g*n. What is the greatest common divisor of n and 154?
22
Let z = -8680 + 8756. What is the greatest common divisor of z and 1178?
38
Let a be 79*(54 + 30/10 + -12). What is the highest common divisor of a and 45?
45
Let p be 1/(-1*(-10)/(960/8)). What is the highest common factor of p and 768?
12
Let r = 24567 - 24459. Suppose -6*m + 3*m = -36. What is the greatest common divisor of r and m?
12
Suppose 0 = -2*u - 4*k + 182, -29*u + 32*u - k - 301 = 0. What is the greatest common divisor of 21087 and u?
99
Let a(f) = -f**2 + 19*f + 1260. Let q be a(-27). What is the highest common factor of q and 64?
2
Let t be -2*(-503 + 3) - 1*(-12 - -12). Calculate the highest common divisor of 875 and t.
125
Suppose -4*x - 5*g + 0*g - 47 = 0, -4*x + 2*g = 26. Let s(j) = -2*j**3 - 15*j**2 + 5*j - 2. Let o be s(x). What is the highest common factor of o and 121?
11
Suppose -a + 22 = -9. Let i be (-26)/((-130)/155) - -310. What is the greatest common divisor of i and a?
31
Suppose 7*l = 6*l - 0*l. Suppose -2*i - 10 + 0 = l, 4*i + 10 = -u. Let j(y) = 2*y. Let p be j(5). Calculate the greatest common factor of p and u.
10
Let k be -7*(-6)/(-3 - -5). Let f(g) = 5*g**2 - 107*g + 51. Let d be f(k). Calculate the highest common divisor of d and 81.
9
Suppose -132 - 741 = -3*z. Let d = -109 + z. Calculate the highest common divisor of d and 14.
14
Let c be ((-40)/6)/((-4)/6). Let x(r) = 4*r - 32. Let v be x(c). Suppose -7*p = 79 - 93. What is the greatest common divisor of v and p?
2
Suppose 99 + 414 = 3*d. Let x(i) = 3*i - 1. Let b be x(2). Suppose 2*j - b*f - 38 = 0, -38 = -j - j + 4*f. What is the greatest common factor of j and d?
19
Suppose 5*l = 2*r + 16, 3*r = 4*r - 4*l + 14. Suppose -35 = -r*z - 11. Suppose -7 = 5*n - z. What is the highest common divisor of 7 and n?
1
Let c(j) be the third derivative of j**6/120 + j**5/5 - 9*j**4/8 + j**3/6 - j**2 - 16. Let p be c(-12). Calculate the highest common factor of 25 and p.
25
Suppose 17 - 65 = 5*k + 4*q, -3*q = 4*k + 38. Let b be ((-6)/12)/(k/288). Calculate the highest common factor of b and 558.
18
Suppose 222*z - 225*z = -9. Let x be z/(-9)*(-1 + -2). What is the highest common divisor of x and 7?
1
Let w(p) = 18*p - 129*p**2 - 8 + 25 + 130*p**2. Let c be w(7). What is the highest common divisor of c and 240?
48
Suppose 4*m - 16 = 2*x, 5*x + 56 = 24*m - 22*m. Let h be ((-9)/x)/(3/72). Calculate the greatest common divisor of 102 and h.
6
Let p = -632 + 923. Suppose -182 = 17*r - 19*r + f, -3*f = 3*r - p. What is the greatest common factor of 3 and r?
3
Let l(k) = k**3 - 19*k**2 - 46*k + 240. Let a be l(22). Calculate the greatest common factor of 130 and a.
10
Suppose 4*r - 423 = -y, 4*r + 0*y - 5*y - 405 = 0. Let f = r - 91. What is the greatest common factor of f and 133?
7
Suppose t = -4, 0 = 5*r + 3*t - 6 - 2. Let g be 150 - (1 - -3 - r). What is the greatest common divisor of g and 50?
50
Let b(u) = -56*u**3 - u**2 - u. Let m be b(-1). Let p(j) = 328*j - 7760. Let s be p(24). What is the highest common factor of m and s?
56
Let w be (0 + 2 + 750/2)*(-36 - -37). What is the greatest common factor of 26 and w?
13
Suppose -5*l - d - 480 = -0*d, 3*l + 5*d + 288 = 0. Let a = l + 106. Let f = -15 + 19. What is the highest common divisor of a and f?
2
Let r = -333 + 352. Let i(w) = w**3 - 18*w**2 - 19*w + 7. Let n be i(r). Let f be 2/(-12) + (-1180)/(-24). Calculate the greatest common factor of n and f.
7
Let k = 16960 - 16922. Calculate the highest common divisor of 43738 and k.
38
Suppose 3*m + 2*o - 559 = 0, -4*m + 2*o + 765 - 1 = 0. Let l = 31762 - 31708. Calculate the greatest common divisor of m and l.
27
Suppose -108 = 2*z + 4*z. Let p = z + 17. Let w(x) = -6*x - 3. Let t be w(p). Calculate the greatest common divisor of 1 and t.
1
Suppose -3*c = -2*o - 2 - 5, -c - 5*o = -8. Let y be c*2/27 - (-1232)/126. Suppose -23*b = -y*b - 195. Calculate the highest common divisor of b and 3.
3
Let y(f) = -f**2 + 11*f + 30. Let h be y(13). Suppose -w + 3 = -0*w, -c = h*w - 22. Let i be -1 + (-71)/(-2 - -1). What is the highest common factor of c and i?
10
Let a be 3/(-6)*21*-2. Suppose 3*u + 10 = 22. Let c(b) = -b**3 + 4*b**2 + 4*b - 2. Let i be c(u). What is the highest common divisor of i and a?
7
Suppose -21*z + 65*z - 504 = 72140. What is the highest common factor of z and 39?
13
Suppose 0 = a - 2*y + 8, 4*a + 19 = y + 15. Suppose 480*z - 481*z + 49 = a. What is the highest common divisor of z and 21?
7
Let q = -154 + 164. Suppose -170 = -s + 154. Suppose 3*k - 2*y = -0*k + s, 0 = -y + 3. What is the highest common factor of k and q?
10
Let v(n) = 4*n**3 - 2*n**2 - 294*n + 864. Let f be v(3). Suppose -77 = 2*s - 5*s - 4*i, 2*i = -2. Calculate the greatest common divisor of s and f.
9
Suppose -26*m + 435 + 13 = -696. Suppose -4*h = 0, -5*t + 5*h - 2 = 3. Let c be -1 - t/1 - -4. Calculate the highest common factor of c and m.
4
Suppose -3*y + 4*g + 270 = 0, -227*y + g - 360 = -231*y. Calculate the highest common divisor of y and 45.
45
Let l(a) = -5 + 8 - 61*a - a**2 + 11 + 74*a. Let r be l(7). What is the highest common factor of r and 140?
28
Suppose 9*b + 11 - 92 = 0. Suppose 12*c - b = 3*c. What is the highest common divisor of c and 17?
1
Let o(h) = 193*h + 789. Let i be o(27). Calculate the highest common factor of i and 40.
40
Let w(x) = -x**2 + 19*x - 30. Let b be w(17). Let h be (-2)/b*308/(1 + 1). Let n be 23*(3/(-4) - h/28). Calculate the greatest common divisor of n and 115.
23
Let x(r) = r + 9. Let j be x(-10). Let w be 20/4*j*-13. Let s = -57 + w. Calculate the greatest common divisor of 32 and s.
8
Let m be 456/171*(-3)/(-2). Suppose 99 + 236 = 5*z - 5*r, 8 = m*r. What is the greatest common factor of 92 and z?
23
Suppose 2*s = 39*s - 259. Suppose 5*w - 6*t - 164 = -s*t, 0 = 3*t + 3. Calculate the greatest common factor of w and 3.
3
Let i = 1425 + 1582. What is the greatest common factor of i and 31?
31
Let i = 450 - -138. Calculate the highest common divisor of 12 and i.
12
Let p be ((-22)/(-4))/(5/10). Suppose 4*k = 3*n - 29, -3*k + 52 = 5*n - 6*k. Calculate the highest common factor of n and p.
11
Suppose -9*p + 5*p + 32 = 0. Suppose p = 3*w + 2. Suppose -4*m + 8 = -w*d + 